nder when 154 is divided by g?
37
Let l = -47 - -80. Suppose -v - 2*v = -l. What is the remainder when v is divided by 6?
5
Let h = 67 + -44. What is the remainder when h is divided by 4?
3
Let w(u) = -2*u - 6. Let y(s) = s**3 + 2*s**2 - 3*s + 7. Calculate the remainder when y(-3) is divided by w(-4).
1
Let v(r) = -4 - r**3 + 0*r**2 + 3*r**2 - 4*r - r**2 + 9*r. Let j be v(3). Suppose -p - j = -2*p. What is the remainder when 5 is divided by p?
1
Let r(p) = -p. Calculate the remainder when r(-4) is divided by 2.
0
Suppose -3*v - 2*f + 21 = -f, 2*f + 46 = 5*v. Let w = 122 + -78. Let d = -29 + w. What is the remainder when d is divided by v?
7
Let c(g) = 5*g**2 - 1. Suppose -5*u + 2*u = -3*q, -2*u - 4*q + 12 = 0. What is the remainder when c(1) is divided by u?
0
Suppose -4*n = -0*g - 2*g + 10, 5*g - 3*n = -10. Let a = g + 10. Suppose -m + 1 = -5*j - a, 6 = m + 3*j. Calculate the remainder when 17 is divided by m.
5
Let f be (4/5)/((-6)/(-1005)). Suppose 0*h + 5*o = 2*h - 80, 3*o = -4*h + f. Calculate the remainder when h/(-3)*(1 - 4) is divided by 18.
17
Let g(p) = -p**2 + 9*p - 8. Let i be g(8). Suppose 2*n + l = -47, -3 = -l - i. What is the remainder when (60/n)/(6/(-80)) is divided by 11?
10
Suppose 2*c - c - 25 = -2*q, q + 55 = 4*c. Let n(o) = -4 + 6 + o**2 + 5*o + o**2. What is the remainder when n(-6) is divided by c?
14
Suppose -k + 2*b - 6*b + 75 = 0, 0 = 2*k - 5*b - 176. What is the remainder when k is divided by 22?
17
Suppose 29 - 194 = -5*r. Calculate the remainder when 130 is divided by r.
31
Suppose -g + 79 = 4*g - 4*l, l = 2*g - 34. Calculate the remainder when g is divided by 5.
4
Suppose -2*c + 6*c - 16 = 0. Suppose 0 = -4*v + v. Let o = v + c. Calculate the remainder when 6 is divided by o.
2
Let n = 9 + -7. Suppose 0 = -n*x + 5*c + 55, 3*x + c + 14 = 54. What is the remainder when x is divided by 4/(-1*(-2)/4)?
7
Let m(w) = w**3 - 6*w**2 + w - 8. Let b be m(7). Suppose -4*n + n = -b. What is the remainder when (15/2)/(1/4) is divided by n?
14
Suppose -5*k + 4*k - 4*u = -18, -2*u - 2 = -5*k. Calculate the remainder when k - (-72)/(1 - -1) is divided by 13.
12
Let d(t) = t**2 + t. Let x(n) = 4*n + 11. Let r(s) = 7*s + 21. Let k(v) = 3*r(v) - 5*x(v). Let y be k(-4). What is the remainder when d(y) is divided by 11?
9
Let y(u) = u + 2. Let m be y(3). Suppose -5*r + 155 = 3*t, 0 = -m*r - t - t + 155. Calculate the remainder when r is divided by 11.
9
Let w(a) = -a**3 - 3*a**2 + 1. Let o be w(-2). Let u be (-2 - o)*-1 - 107. What is the remainder when 13 is divided by u/(-15) + (-2)/10?
6
Suppose -63 = 4*s - 7*s. What is the remainder when 41 is divided by s?
20
Suppose 2*i = -3*i + 15. Suppose i = -2*z + 37. Suppose 3 = -3*y + 30. Calculate the remainder when z is divided by y.
8
What is the remainder when ((-14)/4)/7*-14 is divided by 2?
1
Calculate the remainder when 11 is divided by 2/(-6)*(5 + -14).
2
Suppose -62 = -33*l + 32*l. Calculate the remainder when l is divided by 13.
10
Suppose 0 = 13*g + 14 - 66. What is the remainder when g is divided by 3?
1
Suppose -3*s - z = -7, -5*s + 4*z = 8*z - 21. Let j be (-51)/(-15) + (-2)/5. Let t = j - s. What is the remainder when 4 is divided by t?
0
Calculate the remainder when (8/(-16))/((-2)/468) is divided by 30.
27
Let c(v) = v + 1. Calculate the remainder when c(2) is divided by 30/(-25)*(-15)/9.
1
Let x be (4/(-3))/(3/(-9)). Let j = 10 - 5. Calculate the remainder when (2*4)/(-3 + x) is divided by j.
3
Suppose 0*i - i - 55 = -4*d, 4*i = d - 10. Calculate the remainder when d is divided by 4.
2
Let x = 53 + -43. Calculate the remainder when 15 is divided by x.
5
Calculate the remainder when 201 is divided by 3/6 - 1*402/(-12).
31
Let p(c) = -c**2 - 16*c + 12. What is the remainder when 83 is divided by p(-16)?
11
Let t(n) = -n**3 - 7*n**2 + 9*n + 11. Let j be t(-8). Suppose 0 = b - 6*b - j*k + 94, 2*b - k = 31. Calculate the remainder when 33 is divided by b.
16
Suppose 0 = -4*w + 40 + 104. Suppose 0 = 3*j - w + 6. Calculate the remainder when 19 is divided by j.
9
Suppose 0 = -f - 5*h - 22, 4*h = -6*f + f - 89. Let l = f - -24. What is the remainder when 11 is divided by l?
4
Let g = 7 + 3. Suppose -5*o = -g, 4*x - 2 = 3*o + 2*o. Calculate the remainder when 7 is divided by x.
1
Let k(s) = 2*s**2 - 36*s + 26. Suppose -4*z = -4*v + 36, -5*v - 2*z + 9 = -4*v. Suppose 5 = 2*i - v. What is the remainder when k(18) is divided by i?
5
Suppose -h + g = -35, 5*h = 4*g - 0*g + 171. Calculate the remainder when h is divided by 11.
9
Let f = 166 + -68. Calculate the remainder when f is divided by 33.
32
Let h = 21 + -37. Let n = h + 24. What is the remainder when 22 is divided by n?
6
Suppose -v + 36 = 2*v. Calculate the remainder when 45 is divided by v.
9
Let y be (-3 + 0)/(9/(-66)). Suppose 0 = 5*t - w - w + y, 0 = -3*w - 12. Let i = t - -24. What is the remainder when i is divided by 10?
8
Let q(o) = -15*o. Calculate the remainder when q(-3) is divided by 16.
13
Let l = -83 + 126. Suppose 0 = -p - 3*h + 37, 3*p - h - l = 38. Suppose s - p = -0*s. Calculate the remainder when s is divided by 15.
13
Let h = -1 - -3. Let n(f) = -f**2 + 2*f + 1. Calculate the remainder when 2 is divided by n(h).
0
Let r(m) = 18*m**2 + m + 1. Let t be ((-4)/(-6))/((-4)/6). Suppose -5*k = -21 - 29. What is the remainder when r(t) is divided by k?
8
Let o(d) = -d**2 - 7*d + 9. Let n(c) = c**2 - 3*c + 3. What is the remainder when n(-5) is divided by o(-6)?
13
Let d be 44/10 - 4/10. Suppose 0 = -4*q - 2*y + 30, -q + 3*q + 4*y = 24. What is the remainder when 1/(d/(-84)*-1) is divided by q?
3
Let o(r) = 5*r**3 - 4*r**2 + 3*r - 1. Let i be o(2). Suppose 2*s = h - i, s = 4*h - 89 - 6. Calculate the remainder when h is divided by 9.
5
Suppose 4*q = 5*g - 121, 5*q = -2*g + 4*g - 130. Let f = 40 + q. Suppose 0 = -3*y - o + 19, -4*y + 9*y - o = 29. What is the remainder when f is divided by y?
4
Suppose 6*j - 214 - 212 = 0. Calculate the remainder when j is divided by 24.
23
Let q = 10 + -7. Suppose 3*p = 5*z - 11, -q*p + 4*z + 2 = 9. Let a = 27 - p. What is the remainder when a is divided by 13?
11
Suppose 5*h - 27 = 2*c + 32, 0 = h + 5*c - 1. Suppose 0*f = 2*f - 62. What is the remainder when f is divided by h?
9
Suppose -326 = -12*t + 214. Calculate the remainder when t is divided by ((-8)/(-3))/((-4)/(-18)).
9
Let o = -1 + 2. Calculate the remainder when 1 is divided by o.
0
Suppose -3*k - 3 - 3 = 0, 0 = -5*h + 2*k + 9. Let n(d) be the first derivative of -d**2 - d + 1. What is the remainder when h is divided by n(-1)?
0
What is the remainder when ((-82)/2)/((-4)/4) is divided by 14?
13
Let f = -17 + 45. Calculate the remainder when f is divided by ((-25)/(-10))/(2/8).
8
Suppose -3*y + 171 = -n, 2*n + n = -9. What is the remainder when y is divided by 15?
11
Suppose -5*d - 210 = -10*d. What is the remainder when d is divided by 11?
9
What is the remainder when (-15)/20*-4 + 19 is divided by 9?
4
Let l = 6 + -10. Let x(g) = g + 1. Let s be x(l). What is the remainder when (s - -1)*1 - -44 is divided by 15?
12
Suppose -2*f - 5*z = 59, -2*f - 7 = z + 40. Let t = 31 + f. Calculate the remainder when 35 is divided by t.
8
Suppose -w + 17 = -4*y, 33 + 35 = 4*w + 2*y. What is the remainder when w is divided by (6/8)/((-2)/(-16))?
5
Let m(l) = l. Let x be m(5). Suppose -3*t = 4*c - 38, x = t - 2*c - 1. Calculate the remainder when (-230)/(-12) + 2/(-12) is divided by t.
9
Let l = 6 - 4. Suppose -10 = 5*r - 4*s, -4*r - r = -l*s. Let t = -1 - -3. Calculate the remainder when r is divided by t.
0
Suppose 2*u - 5 = 3. Let h = 30 - 12. Suppose -2*q + h = -2. What is the remainder when q is divided by u?
2
Suppose g = -p + 25, p = 5*g - 53 - 60. Let w(o) = 2*o**2 + 3*o - 14. What is the remainder when w(-8) is divided by g?
21
Suppose -2*x - 2*x = 0. Let y = x - -9. Calculate the remainder when 25 is divided by y.
7
Let w = 133 - 128. Calculate the remainder when 8 is divided by w.
3
Suppose -2*n = -0*n + 70. Let u = -19 - n. Let d = 2 + 45. Calculate the remainder when d is divided by u.
15
Let s = -4 + 6. Let j(k) = 4*k + 3*k**3 - s - 3*k**2 - k**2 - k**3. Calculate the remainder when j(3) is divided by 10.
8
Let b = 8 + -15. Let g = b + 28. Suppose 0*k + 32 = 4*k. What is the remainder when g is divided by k?
5
Suppose